st the prime factors of l.
17
Let w(h) = -h**3 + 3*h**2 + 2*h - 1. Let m be w(3). Suppose m*v - 171 + 61 = 0. What are the prime factors of v?
2, 11
List the prime factors of ((-14)/(-4))/(1/2).
7
Let i(k) = 6*k + 4. List the prime factors of i(6).
2, 5
Let w = -7 - -5. Let o be 0 - -1 - 6/w. Suppose o*j + 15 = 5*j - 2*q, 0 = j + q. List the prime factors of j.
5
Let d(h) = -4*h**2 - 3*h + 1. Let z be d(-3). Let t(c) = 2*c**3 - 7*c**2 + 5*c + 2. Let i be t(4). Let p = z + i. What are the prime factors of p?
2, 3
Let k(p) = 3 - 3 - 2 + p**2. Let o be k(3). Let r = o + -4. What are the prime factors of r?
3
Let d(t) = 2*t**2 - 9*t. Let o be d(5). List the prime factors of o + 37 + (-6)/3.
2, 5
Suppose 0 = -4*g + 1 + 3. List the prime factors of g*-1 - (-9 - -5).
3
Let q = 2 - 1. Suppose 5*w - q + 26 = 0. List the prime factors of 2/w - 104/(-10).
2, 5
Let q(s) = 2*s**2. Let c(f) = -4*f**2. Let k(b) = -6*c(b) - 10*q(b). List the prime factors of k(1).
2
List the prime factors of (1/(-3))/(-1) + 87/9.
2, 5
Suppose 0 = -f + 120 - 22. Suppose f = 3*y + 2. What are the prime factors of y?
2
Suppose -o = 7 - 2. Let h = o + 18. List the prime factors of h.
13
Let k = -8 - -18. Suppose -25 + k = a. List the prime factors of (-4)/(-10) - 39/a.
3
Let v = 145 - 102. List the prime factors of v.
43
Let i(c) = -c**2 + 3*c + 2. Let h be i(-3). Let p be (37 + 0)/(4/h). What are the prime factors of p/(-10) - 1/(-5)?
3, 5
Let b(l) = 0*l**2 + 1 + 14*l + 2 + l**2 - 3*l. Let k be b(-8). Let n = -12 - k. List the prime factors of n.
3
List the prime factors of (1 - 0/1)*(0 + 106).
2, 53
Let f(d) = d + 3. Let r be f(-6). Let o(k) = -k**3 - k**2 + 3*k + 4. What are the prime factors of o(r)?
13
Suppose 4*o + 2*x - 625 = 929, -5*o = 2*x - 1944. Suppose 5*y - o = 2*t, 4*t + 60 = -2*y + 3*y. Suppose j + y = 5*j. What are the prime factors of j?
2, 5
Let r(n) be the first derivative of n**2 - 2*n - 1. Let b(s) = -s**2 + 5*s - 3. Let x be b(2). What are the prime factors of r(x)?
2
Let h(r) = r**3 + 9*r**2 - 2*r - 6. Let y be h(-9). Let s = 25 - y. List the prime factors of s.
13
Let t = 2 - 2. List the prime factors of (1 - t)*1*10.
2, 5
Suppose -3 - 12 = -5*r. Suppose 5*m = 15, 0*f + 21 = r*f + 2*m. Let k(a) = 3*a - 4. List the prime factors of k(f).
11
Suppose c = -0*c - 1. Let w = 1 - c. What are the prime factors of w?
2
Suppose 0 = 2*f - f - 8. Let v = f - 13. Let g = v + 21. List the prime factors of g.
2
Suppose -3*o - 5*l = -8 - 7, 2*o = 3*l + 10. List the prime factors of o.
5
Let w = -16 + -7. Let r = -10 - w. List the prime factors of r.
13
Let c(l) = 2 + 0*l + 2*l + l. List the prime factors of c(5).
17
Suppose -11*y + 8*y = 3. List the prime factors of (2 + -1)/(y/(-19)).
19
Suppose -2*v - 2*o + 4 = 3*v, -v - o = -2. Suppose v = 5*k, m + 2*k + 0*k = 11. What are the prime factors of m?
11
Suppose -4*g = -592 - 104. What are the prime factors of g?
2, 3, 29
Let w be ((-2)/3)/((-1)/90). Suppose -4*d = d - w. List the prime factors of d.
2, 3
Suppose -3*h - 2*h + m + 320 = 0, -m = -3*h + 190. What are the prime factors of h?
5, 13
Let s = -2 - -6. Suppose 3*l - 5 - s = 0. What are the prime factors of l?
3
Let l be 6/1 - (-3 + 1). Suppose l*i - 3*i - 45 = 0. What are the prime factors of i?
3
Let u = -92 - -183. What are the prime factors of u?
7, 13
Let c(r) = 1 - 8*r + 4 + 8*r**2 + 6 + 9*r + r**3. What are the prime factors of c(-8)?
3
Let k be (-21)/3 + 0 + 2. Suppose -9*r = -7*r + 16. Let l = k - r. List the prime factors of l.
3
Let m(l) = 0*l - 3 + l**2 - 6*l - l. Let y be m(8). Suppose 0 = y*x - 2*u - 2, -4*x - 3*u = 2*u - 28. List the prime factors of x.
2
Let s(o) = -o**3 + 10*o**2 - 12*o + 7. Let h be s(9). Let l = -1 - h. What are the prime factors of l?
19
Suppose 2 = -a + 6. Suppose 0 = 5*j + d - 16, 0 = j + 2*j - a*d - 5. What are the prime factors of j?
3
Let v(z) = z + 7. Let b be v(8). Suppose 2*i - 47 = 3*r, 0 = i - r - b - 6. List the prime factors of i.
2
Suppose 2*j + 36 = -18. List the prime factors of 6/j - (-382)/18.
3, 7
Let l be 0*(0 - (-1)/(-1)). Suppose l = -3*r + 7*r + 4, -b + 3*r + 3 = 0. Suppose b = -5*s + 4*m + 48, s = -3*s + 4*m + 40. List the prime factors of s.
2
Suppose -b = 2*b. Suppose b = -6*r + 190 + 20. What are the prime factors of r?
5, 7
Suppose 4*n + n = -25. Let h = -1 + n. List the prime factors of (h/(-4))/((-5)/(-10)).
3
Let x(m) = -4*m + 2. Let f(c) = -c**2 + 2*c + 3. Let l be f(4). Let q be x(l). Suppose 5*u - q - 28 = 0. What are the prime factors of u?
2, 5
Suppose 0 = -3*n + 2*n - 30. What are the prime factors of (-456)/n - 1/5?
3, 5
Suppose -6*c = -3*c + 3. Let t be 91/3 - c/(-3). Let x = t - 16. List the prime factors of x.
2, 7
What are the prime factors of (-1)/((32/228)/(-8))?
3, 19
Let n = -114 + 79. What are the prime factors of n/2*(-8)/10?
2, 7
Let j = -1 - -4. Suppose -12 = -4*c + 5*d + j, -d - 4 = -c. Suppose -25 = -c*q, 0 = 4*m + q - 19 + 6. List the prime factors of m.
2
Let q(y) = -y**2 + 10*y + 13. Let r be q(11). List the prime factors of 0 + r/(6/21).
7
Let n be (-1)/4 - 36/(-16). Suppose 0 = -2*x + n + 4. Suppose -w + x + 10 = 0. What are the prime factors of w?
13
Let t(b) = b**3 + 8*b**2 + 2. Let f be t(-8). Suppose 0 = 3*j + f*j - 20. What are the prime factors of j?
2
Suppose -146 = 5*n + 239. List the prime factors of (-2401)/n - 2/11.
31
Let a = -10 + 14. List the prime factors of (-4)/(-3)*54/a.
2, 3
Let p(i) = -3*i**2 - 4*i - 5. Let b(w) = -w**2 + w. Let m(v) = 2*b(v) - p(v). List the prime factors of m(-6).
5
Let j(c) = 129*c + 1. Let r be j(1). Suppose -2*g - r = -4*g. Suppose -6*q + f = -2*q - g, 5*f = 2*q - 19. What are the prime factors of q?
17
Suppose 362 - 83 = 3*j. Suppose -n + v = -32, -n - 3*n + j = 3*v. List the prime factors of n.
3
Let s = 1 - -1. Let r be 0 + (-1)/(1/(-5)). Suppose -s*q + 32 = 4*c, -4*c + 68 = r*q - 6*c. What are the prime factors of q?
2, 7
Suppose 0 = -4*s + 4*v + 4, -5*s + 3 = -4*v - 3. Suppose -16 = s*u - 4. Let x(i) = i**2 + 4*i - 4. What are the prime factors of x(u)?
2
Let p(q) = 86*q**3 - 3*q**2 + 3*q - 1. List the prime factors of p(1).
5, 17
Let w(z) = 6*z**3 + z**2 - 1. Let a be w(1). Let l(o) = -o**3 - 3*o + 3 + a*o**2 - 7 + 5*o. List the prime factors of l(6).
2
Suppose 2*d = 5*m - d - 199, -4*m + d = -162. What are the prime factors of m?
41
Suppose -60 = 3*z - 5*z. List the prime factors of z.
2, 3, 5
Let r(m) = 4*m + 3. Suppose -p = p - 2*w - 16, 0 = 3*p + w - 8. What are the prime factors of r(p)?
19
Suppose 4*f + 100 = -3*b - 2*b, 3*b + 60 = 5*f. Let n = 31 + b. What are the prime factors of n?
11
Let n be (-27)/(-18)*(0 - 6). What are the prime factors of -3*(2 - (-33)/n)?
5
Let i = -14 - -21. Let k(p) = 2*p - 1. Let j be k(-2). Let d = i - j. What are the prime factors of d?
2, 3
Let i(n) = 2*n + 2. Let v be i(3). What are the prime factors of 2/v - 188/(-16)?
2, 3
Let m = 5 + -2. List the prime factors of m.
3
List the prime factors of (-12)/10*(-5)/2.
3
Suppose 15*u - 544 = 11*u. List the prime factors of u.
2, 17
Let y(x) = -x**3 - 7*x**2 - 8*x - 6. Let a be y(-6). Let g(q) = -q**3 + 6*q**2 + 2*q - 1. List the prime factors of g(a).
11
Suppose 5*m - 19 = -5*h + 2*m, -25 = -5*h - 5*m. Let p(k) = -k**3 + 0*k**3 - k**h - 1 - 5*k + 3*k. What are the prime factors of p(-2)?
7
Let g(j) = j**3 + 9*j**2 + 6*j + 3. What are the prime factors of g(-8)?
19
Let q(a) = a**3 + 13*a**2 - 2*a + 19. List the prime factors of q(-13).
3, 5
Let j = -23 + 25. Let m(v) = v**3 - 3*v + 3. What are the prime factors of m(j)?
5
Suppose 9 = -4*u + 29. Suppose -u*z = -15 - 75. List the prime factors of z.
2, 3
Let r(f) = f**3 + f + 1. Let o = 2 - 3. Let x be r(o). Let k(t) = 12*t**2 + t + 1. What are the prime factors of k(x)?
2, 3
Suppose -2*d = 3*v - 5, -2*d - d = -5*v + 2. Let w be (-1 + -1)*v/(-2). Suppose -5*g - 2 = 4*j, -3*g = 3*j + 2 + w. List the prime factors of g.
2
Let u = -2 - -6. Let q be (-8)/(-6)*27/(-9). Let w = u - q. What are the prime factors of w?
2
Suppose -6*b = -5*f - b + 30, -2*f + 36 = 4*b. What are the prime factors of ((-2)/4 + 1)*f?
5
Suppose 2 = f - 1. Suppose -f*b - 2 = -11. Suppose -19 = -b*l + 2*l - 2*k, 0 = -2*l - k + 32. List the prime factors of l.
3, 5
Suppose -9*b + 14*b - 25 = 0. Suppose -y + b*l + 43 = 3*l, 3*y 